3
Let p = -19683 - -19715. Suppose -4917 = 5*z + 2*d, 0*z - z = d + 984. Let k = -695 - z. What is the highest common divisor of p and k?
32
Let n(b) = 53*b + 904. Let l be n(-16). Calculate the greatest common factor of 40 and l.
8
Let h be (-16)/(-280)*-5 + 4209/7. Let i = h - 265. Calculate the highest common divisor of i and 16.
16
Suppose 109*p - 105*p = 2376. Suppose 16*a - 526 - p = 0. Calculate the greatest common factor of a and 2.
2
Let n = 426 - 272. Let a = 17 - 14. Suppose -a*t + 3*f + 20 = -22, -70 = -5*t - 3*f. What is the highest common divisor of n and t?
14
Suppose -9*m + 48270 = 5*a, 2*m - 248*a - 10690 = -243*a. What is the greatest common factor of m and 60?
20
Let v(l) = -5*l - 3. Let j(g) = -4*g - 3. Let d(z) = 3*j(z) - 2*v(z). Let i be d(-21). Let f be 4/8*26*1. What is the highest common divisor of i and f?
13
Let o(k) = 144*k - 889. Let w be o(7). What is the highest common divisor of w and 17?
17
Let t = 32 + -30. Suppose -j = t*j. Let n be (-1 + j)*0 - (-28 - -3). What is the greatest common divisor of 200 and n?
25
Let y = -4227 + 4507. Calculate the highest common divisor of 2660 and y.
140
Let a be ((-120)/(-18))/(-4 + (-33)/(-9)). Let j = -36 - -11. Let b be (a/j)/((-4)/(-40)). What is the highest common factor of b and 40?
8
Let b = -4222 + 4238. Let m = 170 + -74. Suppose -2*r + m = r. What is the greatest common factor of b and r?
16
Let b(j) = 6*j + 32. Let i be b(-8). Let m = i + 19. Let w be (-1 - 81/15)/(m/(-90)). What is the greatest common divisor of 24 and w?
24
Suppose -5*j - 4*z = -734, 555*j + 729 = 560*j - z. Calculate the greatest common factor of j and 2263.
73
Let u = -26587 + 26600. What is the highest common factor of 13 and u?
13
Suppose -13194 - 733 = -63*g + 22361. What is the greatest common divisor of 128 and g?
64
Let q = 3595 + 83. What is the highest common divisor of q and 6?
6
Let a = 11751 - 11696. What is the highest common factor of 395 and a?
5
Suppose -2*c + 3*c - 18 = 0. Suppose 484 = 72*a - 380. What is the greatest common factor of a and c?
6
Let j = -6349 - -6360. Calculate the highest common factor of j and 5819.
11
Suppose -37*m - 26*m + 29295 = 0. What is the greatest common divisor of m and 1209?
93
Let q(u) = 320*u - 896. Let v be q(19). What is the greatest common divisor of v and 64?
64
Let i = -79 + 88. Suppose i*w + 13 = 4*w - s, 4*s = 3*w + 17. Let f be w/21 - (-7602)/49. What is the highest common factor of 62 and f?
31
Let m(o) = 135*o**2 + 1. Let s be m(1). Suppose 2*j + 5 - 13 = 0. Suppose -2*q = 2*w + w - 49, -q + 67 = j*w. Calculate the greatest common factor of s and w.
17
Let b(v) = 44*v**2 - 506*v + 28. Let x be b(12). Calculate the highest common divisor of 4891 and x.
73
Let s(i) = i**2 + 46*i + 181. Let o be s(-4). Calculate the greatest common factor of 81 and o.
1
Let p = 285 + -287. Let s be 6/3 - 14*p - 4. What is the highest common divisor of 494 and s?
26
Let m(f) = 2*f + 22. Let l be m(-9). Let t be 98/6 + (-3)/((-18)/l). Suppose t*x - 13*x - 92 = 0. What is the highest common factor of 92 and x?
23
Let u be ((-1067)/(-8) - 618/1648)*(2 - 1). What is the highest common factor of 703 and u?
19
Let v = -2041 + 2050. What is the highest common factor of 543 and v?
3
Let w be (-3 + 15)/((-18)/(-24)). Suppose 0 = -2*o + n + 38 + w, 0 = n + 2. Suppose -25*x = -o*x + 8. Calculate the highest common divisor of 56 and x.
8
Suppose -2*z - d + 89 = -100, -3*z = -4*d - 278. What is the highest common factor of 6157 and z?
47
Suppose -8122 = -5*y + 6*n - 5*n, 0 = 5*y + 5*n - 8110. Suppose 20*a + 84 = y. Calculate the greatest common factor of 77 and a.
77
Suppose 2000 = -i + 6*i. Suppose 117*o = 220*o - 15450. What is the highest common factor of i and o?
50
Let t be 49 + (2/10 - 9/45). Let r = t - -19. What is the highest common factor of 4 and r?
4
Suppose 5*i - 320 = -5*w, w + 2*w - 190 = -5*i. Suppose -35*c - 8693 = -637*c + 6959. What is the greatest common divisor of w and c?
13
Suppose 178*w + 2*r = 180*w - 35006, 4*w = r + 70003. Calculate the highest common divisor of 28 and w.
28
Let b be (16/4 - -3) + 0 + 1. Suppose -3*k + 218 = -z, 0 = -5*k - 2*z + z + 358. Calculate the greatest common divisor of k and b.
8
Suppose -17 = -2*w + 3*o, 3*w + 3*o + 0*o = 18. Suppose 4*p + 528 = w*p. What is the greatest common factor of p and 32?
16
Let d be -28*((-20)/9 - (-14)/63). Suppose 2*v + o - 61 = -0*v, 3*v = -3*o + 93. Let i = v - 16. Calculate the greatest common divisor of d and i.
14
Let h be (-702)/(-8) - (-2)/8. Suppose -7*t + 10*t - 3 = 0. Let x be (t - 7/(-5))/(12/40). What is the greatest common factor of x and h?
8
Let g be 62*(7/2 - 4). Let h = -13 - g. Suppose -c + 177 = 4*s, -s - 4*c + 36 = 3. Calculate the highest common factor of s and h.
9
Suppose -g - 5*q = -14, g - 14 = 353*q - 351*q. What is the greatest common factor of g and 56?
14
Suppose 0 = z - 33 - 18. Let m = -48 + z. Let l be ((-8)/8)/((-2)/6). Calculate the highest common factor of m and l.
3
Suppose -3986 = -15*g + 799. Let s = -166 + 97. Let x be -2*(s/6 + -3). What is the greatest common factor of x and g?
29
Suppose 6 = -3*r, -5*r = 2*n - 0*n - 1100. What is the highest common factor of 444 and n?
111
Suppose 0 = 757*v - 708*v - 1470. Calculate the highest common divisor of 1257 and v.
3
Suppose -59*m + 57*m - 24 = 0. Let v be (21/m)/((-4)/272). What is the greatest common divisor of 14 and v?
7
Let s(r) = 114*r**2 + 28*r + 353. Let d be s(-14). What is the greatest common factor of 15 and d?
15
Suppose 0 = 12*w + 2198 - 2414. Suppose 0 = 3*q - m - 679, 2*q = -3*q - m + 1121. Calculate the highest common factor of q and w.
9
Suppose m - 4784 = -2*i, -10*m + 14358 = -7*m + 3*i. Calculate the highest common divisor of 336 and m.
84
Suppose 9 = h - 55. Let k = -60 + 63. Suppose 2*n + 38 = 3*l, 27 + 1 = k*l - 4*n. What is the greatest common divisor of l and h?
16
Let b be -7 + -2*(2 + -1060). Calculate the highest common factor of 148 and b.
37
Suppose 51 + 61 = 4*z. Let b(u) = -u**3 - 7*u**2 - 2*u - 40. Let j be b(-9). What is the highest common factor of z and j?
28
Let h be 1 + (-18)/42 + 119/49. Let t be (-18 + 0)*4/(-6). Calculate the greatest common divisor of t and h.
3
Let l be (13360/(-9352))/((-2)/70). Let f(o) = o**3 + 3*o**2 - 6*o - 4. Let v be f(-4). What is the highest common factor of v and l?
2
Suppose -5*b = z - 6*z, 0 = 4*z - 2*b - 10. Suppose -z*g + 170 = -205. What is the highest common divisor of g and 3?
3
Suppose -51 - 120 - 255 = -71*x. What is the highest common divisor of 5430 and x?
6
Let i be (88 - 19)/((-3)/(-82)). What is the highest common divisor of i and 46?
46
Suppose 0 = -6*o + 39 + 21. Suppose -6*q + o*q = 16. Suppose -4 = q*b, 0*b + 764 = 5*k - 4*b. Calculate the highest common factor of k and 19.
19
Let v be (-4 + 8 - 2470)/(36/(-24)). Calculate the highest common divisor of 36 and v.
12
Let t(c) = 130*c**2 + 20*c + 118. Let x be t(-7). Calculate the greatest common factor of 12 and x.
12
Let k = 480 - 476. Suppose -2*z + 764 = k*h, -8*h = 3*z - 9*h - 1125. Calculate the greatest common divisor of z and 47.
47
Let b be -3*22/(-396) + 78407/6. What is the greatest common divisor of b and 27?
27
Suppose 9*h - 40 = -11*h. Suppose 15 = r + 3*a, 0 = -r - h*a - 3 + 17. What is the greatest common divisor of 348 and r?
12
Let k = -17 - -2. Let x be -2*(-5)/(k/3). Let s be x + 28 - (7 + -9). What is the highest common factor of s and 42?
14
Suppose 0*c - 66 = -2*c. Suppose -3*m - c = -84. What is the highest common factor of m and 136?
17
Suppose 67 = 11*z + 1. What is the highest common factor of 2694 and z?
6
Let c(g) = -2*g**3 - 92*g**2 - 90*g + 7. Let r be c(-45). What is the greatest common factor of r and 2450?
7
Let v = -2756 + 2928. Calculate the greatest common divisor of v and 44.
4
Let y(t) = 3*t**2 + 117*t - 2479. Let k be y(22). What is the greatest common divisor of k and 14?
7
Let k be (480/200)/(8/30). Suppose 4*l - 7*l = -4*v + k, 10 = 4*l + 2*v. What is the greatest common divisor of 3 and l?
1
Suppose 6*u = 54*u + 16*u - 5120. What is the greatest common factor of 890 and u?
10
Let k(y) = 2*y**3 - 27*y**2 + 21*y - 86. Let v be k(13). What is the highest common factor of v and 1206?
18
Let u = -925 - -980. Let i = -3 - -13. Cal